hat is the remainder when 1656 is divided by 79?
76
Calculate the remainder when 432 is divided by 57.
33
Calculate the remainder when 221 is divided by 56.
53
What is the remainder when 219 is divided by 59?
42
What is the remainder when 3426 is divided by 126?
24
Calculate the remainder when 1121 is divided by 17.
16
What is the remainder when 432 is divided by 220?
212
What is the remainder when 71 is divided by 45?
26
What is the remainder when 188 is divided by 59?
11
What is the remainder when 272 is divided by 63?
20
What is the remainder when 1403 is divided by 37?
34
Calculate the remainder when 206 is divided by 19.
16
What is the remainder when 920 is divided by 42?
38
What is the remainder when 385 is divided by 26?
21
What is the remainder when 5509 is divided by 104?
101
What is the remainder when 160 is divided by 23?
22
What is the remainder when 12946 is divided by 23?
20
What is the remainder when 503 is divided by 109?
67
What is the remainder when 94 is divided by 6?
4
Calculate the remainder when 5278 is divided by 230.
218
What is the remainder when 2399 is divided by 100?
99
Calculate the remainder when 4558 is divided by 20.
18
What is the remainder when 196 is divided by 4?
0
Calculate the remainder when 102 is divided by 12.
6
What is the remainder when 96 is divided by 57?
39
Calculate the remainder when 686 is divided by 28.
14
What is the remainder when 137 is divided by 19?
4
What is the remainder when 610 is divided by 4?
2
What is the remainder when 40 is divided by 8?
0
Calculate the remainder when 6897 is divided by 10.
7
What is the remainder when 6321 is divided by 22?
7
What is the remainder when 912 is divided by 452?
8
What is the remainder when 1313 is divided by 41?
1
What is the remainder when 1439 is divided by 16?
15
Calculate the remainder when 1067 is divided by 3.
2
Calculate the remainder when 97 is divided by 29.
10
Calculate the remainder when 51 is divided by 27.
24
What is the remainder when 10755 is divided by 4?
3
What is the remainder when 1059 is divided by 59?
56
Calculate the remainder when 1396 is divided by 8.
4
What is the remainder when 291 is divided by 95?
6
Calculate the remainder when 85 is divided by 7.
1
What is the remainder when 5457 is divided by 28?
25
What is the remainder when 1518 is divided by 202?
104
Calculate the remainder when 86 is divided by 22.
20
Calculate the remainder when 9148 is divided by 50.
48
What is the remainder when 206 is divided by 13?
11
Calculate the remainder when 387 is divided by 362.
25
Calculate the remainder when 867 is divided by 62.
61
Calculate the remainder when 790 is divided by 15.
10
What is the remainder when 360 is divided by 14?
10
What is the remainder when 5811 is divided by 292?
263
Calculate the remainder when 87 is divided by 5.
2
What is the remainder when 3082 is divided by 43?
29
Calculate the remainder when 203 is divided by 52.
47
What is the remainder when 555 is divided by 88?
27
What is the remainder when 96 is divided by 55?
41
Calculate the remainder when 584 is divided by 153.
125
Calculate the remainder when 12 is divided by 8.
4
Calculate the remainder when 285 is divided by 54.
15
What is the remainder when 62 is divided by 15?
2
What is the remainder when 85 is divided by 15?
10
What is the remainder when 8774 is divided by 42?
38
Calculate the remainder when 807 is divided by 112.
23
Calculate the remainder when 508 is divided by 245.
18
What is the remainder when 21976 is divided by 22?
20
Calculate the remainder when 6416 is divided by 15.
11
Calculate the remainder when 1019 is divided by 20.
19
Calculate the remainder when 3798 is divided by 100.
98
What is the remainder when 89 is divided by 37?
15
What is the remainder when 203 is divided by 196?
7
Calculate the remainder when 1951 is divided by 36.
7
What is the remainder when 12 is divided by 7?
5
Calculate the remainder when 1451 is divided by 112.
107
What is the remainder when 29 is divided by 11?
7
Calculate the remainder when 465 is divided by 146.
27
What is the remainder when 145 is divided by 51?
43
Calculate the remainder when 181 is divided by 46.
43
What is the remainder when 489 is divided by 16?
9
Calculate the remainder when 1550 is divided by 326.
246
What is the remainder when 167 is divided by 29?
22
Calculate the remainder when 1619 is divided by 147.
2
Calculate the remainder when 776 is divided by 256.
8
What is the remainder when 72 is divided by 39?
33
What is the remainder when 34 is divided by 21?
13
What is the remainder when 519 is divided by 40?
39
Calculate the remainder when 515 is divided by 255.
5
Calculate the remainder when 1821 is divided by 25.
21
Calculate the remainder when 733 is divided by 6.
1
Calculate the remainder when 4802 is divided by 89.
85
What is the remainder when 3685 is divided by 82?
77
What is the remainder when 371 is divided by 47?
42
Calculate the remainder when 106 is divided by 32.
10
Calculate the remainder when 204 is divided by 21.
15
What is the remainder when 33 is divided by 7?
5
What is the remainder when 1678 is divided by 105?
103
What is the remainder when 587 is divided by 577?
10
Calculate the remainder when 73 is divided by 70.
3
What is the remainder when 68 is divided by 30?
8
Calculate the remainder when 299 is divided by 25.
24
What is the remainder when 1028 is divided by 43?
39
What is the remainder when 2588 is divided by 36?
32
Calculate the remainder when 51 is divided by 47.
4
What is the remainder when 239 is divided by 130?
109
Calculate the remainder when 382 is divided by 21.
4
What is the remainder when 423 is divided by 207?
9
What is the remainder when 676 is divided by 68?
64
What is the remainder when 587 is divided by 179?
50
Calculate the remainder when 156 is divided by 16.
12
What is the remainder when 203 is divided by 41?
39
What is the remainder when 31 is divided by 20?
11
Calculate the remainder when 122 is divided by 26.
18
What is the remainder when 163 is divided by 49?
16
What is the remainder when 2436 is divided by 10?
6
What is the remainder when 258 is divided by 38?
30
What is the remainder when 47 is divided by 22?
3
What is the remainder when 1480 is divided by 15?
10
Calculate the remainder when 302 is divided by 31.
23
What is the remainder when 318 is divided by 153?
12
What is the remainder when 22037 is divided by 8?
5
What is the remainder when 222 is divided by 42?
12
What is the remainder when 150 is divided by 26?
20
What is the remainder when 84 is divided by 3?
0
What is the remainder when 2741 is divided by 49?
46
What is the remainder when 593 is divided by 149?
146
Calculate the remainder when 1095 is divided by 363.
6
What is the remainder when 613 is divided by 56?
53
Calculate the remainder when 1118 is divided by 100.
18
Calculate the remainder when 51 is divided by 33.
18
Calculate the remainder when 34 is divided by 18.
16
What is the remainder when 356 is divided by 61?
51
Calculate the remainder when 2579 is divided by 147.
80
What is the remainder when 636 is divided by 214?
208
Calculate the remainder when 1545 is divided by 47.
41
Calculate the remainder when 741 is divided by 5.
1
What is the remainder when 645 is divided by 134?
109
What is the remainder when 59 is divided by 26?
7
What is the remainder when 2427 is divided by 1212?
3
What is the remainder when 624 is divided by 30?
24
What is the remainder when 431 is divided by 12?
11
What is the remainder when 46 is divided by 5?
1
What is the remainder when 105 is divided by 94?
11
Calculate the remainder when 684 is divided by 10.
4
Calculate the remainder when 1582 is divided by 74.
28
What is the remainder when 220 is divided by 49?
24
Calculate the remainder when 748 is divided by 19.
7
What is the remainder when 144 is divided by 27?
9
What is the remainder when 1058 is divided by 25?
8
What is the remainder when 3742 is divided by 12?
10
What is the remainder when 308 is divided by 42?
14
Calculate the remainder when 96 is divided by 17.
11
Calculate the remainder when 1405 is divided by 19.
18
What is the remainder when 2413 is divided by 78?
73
Calculate the remainder when 1272 is divided by 82.
42
Calculate the remainder when 174 is divided by 34.
4